the remainder when 549188 is divided by 67.
56
Calculate the remainder when 109303 is divided by 114.
91
What is the remainder when 133687 is divided by 19064?
239
What is the remainder when 646628 is divided by 140?
108
What is the remainder when 173509 is divided by 57826?
31
What is the remainder when 48266996 is divided by 36?
32
What is the remainder when 132562 is divided by 195?
157
What is the remainder when 12976 is divided by 9970?
3006
What is the remainder when 4063650 is divided by 99?
96
Calculate the remainder when 9876765 is divided by 2469177.
57
Calculate the remainder when 34590740 is divided by 24.
20
Calculate the remainder when 4416242 is divided by 2011.
86
What is the remainder when 566917 is divided by 282100?
2717
Calculate the remainder when 1245940 is divided by 1139.
1013
What is the remainder when 13260 is divided by 366?
84
What is the remainder when 255927 is divided by 21327?
3
What is the remainder when 147650 is divided by 47598?
4856
Calculate the remainder when 776153 is divided by 14361.
659
What is the remainder when 1361109 is divided by 288?
21
What is the remainder when 24817680 is divided by 1889?
1887
What is the remainder when 56444 is divided by 759?
278
What is the remainder when 150987757 is divided by 150987756?
1
Calculate the remainder when 300839 is divided by 336.
119
What is the remainder when 211851 is divided by 888?
507
Calculate the remainder when 61167300 is divided by 691.
671
What is the remainder when 2703075 is divided by 1885?
1870
What is the remainder when 351994 is divided by 4699?
4268
Calculate the remainder when 30837 is divided by 8986.
3879
Calculate the remainder when 63440150 is divided by 874.
860
What is the remainder when 412097 is divided by 5348?
301
What is the remainder when 537161 is divided by 7897?
165
What is the remainder when 7802312 is divided by 20161?
5
Calculate the remainder when 12959 is divided by 2081.
473
Calculate the remainder when 253965 is divided by 1067.
19
Calculate the remainder when 5125919 is divided by 289.
215
What is the remainder when 150898 is divided by 150873?
25
Calculate the remainder when 38261 is divided by 796.
53
What is the remainder when 47725282 is divided by 23862626?
30
Calculate the remainder when 41867 is divided by 632.
155
What is the remainder when 4300023 is divided by 109?
82
What is the remainder when 119180674 is divided by 219?
217
What is the remainder when 2146534 is divided by 71?
62
What is the remainder when 18790644 is divided by 102?
0
What is the remainder when 2913259 is divided by 36?
31
What is the remainder when 14529 is divided by 882?
417
Calculate the remainder when 196713329 is divided by 16019.
9
What is the remainder when 27227 is divided by 964?
235
Calculate the remainder when 379507 is divided by 472.
19
What is the remainder when 15976 is divided by 15297?
679
Calculate the remainder when 194579 is divided by 597.
554
Calculate the remainder when 107584 is divided by 107521.
63
Calculate the remainder when 1003037197 is divided by 18.
13
Calculate the remainder when 35706340 is divided by 605192.
12
Calculate the remainder when 2874702 is divided by 413.
222
What is the remainder when 48620262 is divided by 3?
0
What is the remainder when 28554499 is divided by 1625?
1624
What is the remainder when 32394275 is divided by 39?
17
Calculate the remainder when 9290303 is divided by 36.
35
What is the remainder when 162627 is divided by 40538?
475
What is the remainder when 3044829 is divided by 48330?
39
What is the remainder when 21231044 is divided by 61?
55
Calculate the remainder when 138326237 is divided by 65.
62
What is the remainder when 571894581 is divided by 24?
21
Calculate the remainder when 926840 is divided by 350.
40
What is the remainder when 40609 is divided by 1766?
1757
What is the remainder when 7710911 is divided by 57?
8
What is the remainder when 720840 is divided by 17158?
204
Calculate the remainder when 2712394871 is divided by 9284.
9283
What is the remainder when 713185 is divided by 1648?
1249
Calculate the remainder when 35874681 is divided by 854159.
3
Calculate the remainder when 31440 is divided by 1807.
721
Calculate the remainder when 70298574 is divided by 31.
29
Calculate the remainder when 371196 is divided by 5524.
1088
Calculate the remainder when 610151 is divided by 122002.
141
What is the remainder when 6081564 is divided by 76?
44
What is the remainder when 54629 is divided by 232?
109
What is the remainder when 28566988 is divided by 2156?
2144
Calculate the remainder when 3394725 is divided by 1697293.
139
Calculate the remainder when 15494128 is divided by 76.
8
What is the remainder when 40197 is divided by 4014?
57
Calculate the remainder when 69593644 is divided by 101.
99
Calculate the remainder when 45724 is divided by 3805.
64
Calculate the remainder when 91300635 is divided by 17.
10
Calculate the remainder when 179625 is divided by 59286.
1767
Calculate the remainder when 471599 is divided by 1965.
1964
What is the remainder when 205821644 is divided by 102910819?
6
Calculate the remainder when 14818090 is divided by 11779.
108
What is the remainder when 29254962 is divided by 14627473?
16
Calculate the remainder when 128373245 is divided by 9.
8
Calculate the remainder when 70722 is divided by 3260.
2262
Calculate the remainder when 5281 is divided by 309.
28
What is the remainder when 1974101 is divided by 394809?
56
Calculate the remainder when 177796 is divided by 86781.
4234
What is the remainder when 14003358 is divided by 14003343?
15
Calculate the remainder when 965187 is divided by 231.
69
Calculate the remainder when 149123 is divided by 36033.
4991
What is the remainder when 46029133 is divided by 202?
201
What is the remainder when 2687950 is divided by 47157?
1
Calculate the remainder when 6405024 is divided by 2914.
52
Calculate the remainder when 4965018 is divided by 178.
64
What is the remainder when 528256 is divided by 2340?
1756
What is the remainder when 378999462 is divided by 679?
674
What is the remainder when 8843172 is divided by 25?
22
Calculate the remainder when 43373 is divided by 1403.
1283
What is the remainder when 7077596 is divided by 337027?
29
Calculate the remainder when 1588180 is divided by 2835.
580
Calculate the remainder when 124975 is divided by 62474.
27
What is the remainder when 1410649 is divided by 102?
91
What is the remainder when 205647 is divided by 107?
100
What is the remainder when 1502163 is divided by 173?
4
Calculate the remainder when 35761776 is divided by 34.
32
Calculate the remainder when 4801832 is divided by 2400899.
34
What is the remainder when 525653 is divided by 2796?
5
Calculate the remainder when 381276 is divided by 5370.
6
Calculate the remainder when 1717413 is divided by 115.
3
What is the remainder when 1144508 is divided by 1144095?
413
What is the remainder when 848809 is divided by 820?
109
Calculate the remainder when 3882231 is divided by 1421.
59
Calculate the remainder when 5154806 is divided by 13389.
41
What is the remainder when 357701 is divided by 1944?
5
Calculate the remainder when 625770 is divided by 20858.
30
Calculate the remainder when 73353 is divided by 23830.
1863
Calculate the remainder when 31169 is divided by 6164.
349
What is the remainder when 59780 is divided by 27382?
5016
Calculate the remainder when 2702310 is divided by 1883.
205
What is the remainder when 952142 is divided by 149?
32
What is the remainder when 43292 is divided by 5904?
1964
What is the remainder when 1668672 is divided by 153?
54
What is the remainder when 114697489 is divided by 1865?
1854
Calculate the remainder when 15774257 is divided by 197178.
17
What is the remainder when 279125 is divided by 1147?
404
What is the remainder when 83639 is divided by 5940?
479
What is the remainder when 18787040 is divided by 1978?
1974
What is the remainder when 2767881 is divided by 922626?
3
What is the remainder when 28709814 is divided by 2597?
2576
What is the remainder when 2978509 is divided by 2657?
12
Calculate the remainder when 2800811 is divided by 933598.
17
Calculate the remainder when 31580204 is divided by 22146.
8
What is the remainder when 4205704 is d